9.
2275
Calculate the remainder when 5128197 is divided by 280.
277
Calculate the remainder when 193800 is divided by 203.
138
Calculate the remainder when 906191 is divided by 3295.
66
What is the remainder when 11306995 is divided by 1921?
1910
What is the remainder when 4723273 is divided by 280?
233
Calculate the remainder when 1143214 is divided by 24.
22
Calculate the remainder when 163497 is divided by 6292.
6197
What is the remainder when 924126 is divided by 461816?
494
What is the remainder when 2747028 is divided by 851?
0
Calculate the remainder when 20687826 is divided by 2906.
12
What is the remainder when 379360 is divided by 6639?
937
What is the remainder when 58722926 is divided by 5?
1
What is the remainder when 1258771 is divided by 419571?
58
Calculate the remainder when 14615 is divided by 648.
359
Calculate the remainder when 1506525 is divided by 549.
69
What is the remainder when 644213 is divided by 644170?
43
Calculate the remainder when 11238645 is divided by 2809656.
21
What is the remainder when 3042667 is divided by 676?
667
What is the remainder when 75279312 is divided by 1819?
1816
What is the remainder when 266245 is divided by 44355?
115
What is the remainder when 70908 is divided by 1725?
183
What is the remainder when 514744 is divided by 880?
824
Calculate the remainder when 326866 is divided by 6167.
15
What is the remainder when 8977083 is divided by 2244251?
79
What is the remainder when 145153 is divided by 9071?
17
What is the remainder when 17740628 is divided by 4231?
45
What is the remainder when 90737858 is divided by 151?
146
What is the remainder when 226536345 is divided by 75512108?
21
Calculate the remainder when 44628 is divided by 3169.
262
Calculate the remainder when 71171 is divided by 2562.
1997
What is the remainder when 24422 is divided by 23593?
829
Calculate the remainder when 36422 is divided by 2566.
498
Calculate the remainder when 17167023 is divided by 1303.
1301
Calculate the remainder when 21960 is divided by 3026.
778
What is the remainder when 1235257 is divided by 617623?
11
What is the remainder when 114116 is divided by 37949?
269
Calculate the remainder when 42806230 is divided by 252.
250
What is the remainder when 6592051 is divided by 10095?
16
What is the remainder when 1915956 is divided by 2777?
2603
Calculate the remainder when 556186 is divided by 3684.
3586
What is the remainder when 141040 is divided by 4146?
76
Calculate the remainder when 129684793 is divided by 28.
21
What is the remainder when 940556335 is divided by 4086?
4081
Calculate the remainder when 3151039 is divided by 860.
859
Calculate the remainder when 76825514 is divided by 19206377.
6
What is the remainder when 1950801 is divided by 325112?
129
What is the remainder when 894506 is divided by 9516?
2
What is the remainder when 925899483 is divided by 2269?
2267
Calculate the remainder when 477768620 is divided by 93.
92
Calculate the remainder when 4560552 is divided by 2565.
2547
Calculate the remainder when 1657565 is divided by 8.
5
Calculate the remainder when 30621 is divided by 26942.
3679
What is the remainder when 210066 is divided by 2442?
54
What is the remainder when 69500 is divided by 33977?
1546
Calculate the remainder when 3155703 is divided by 298.
181
Calculate the remainder when 7097355 is divided by 7097344.
11
What is the remainder when 219837 is divided by 2400?
1437
What is the remainder when 5385339 is divided by 30?
9
Calculate the remainder when 2070574 is divided by 42.
16
What is the remainder when 677201812 is divided by 4673?
4671
Calculate the remainder when 325625 is divided by 8753.
1764
What is the remainder when 68454 is divided by 506?
144
Calculate the remainder when 386443359 is divided by 9331.
9325
Calculate the remainder when 59110 is divided by 7388.
6
What is the remainder when 13391309 is divided by 495973?
38
What is the remainder when 36068659 is divided by 90853?
18
Calculate the remainder when 1518992 is divided by 94935.
32
What is the remainder when 734216 is divided by 3427?
838
Calculate the remainder when 2030208 is divided by 27811.
5
Calculate the remainder when 625703 is divided by 1328.
215
What is the remainder when 3098542 is divided by 277?
20
Calculate the remainder when 12615507 is divided by 113653.
24
What is the remainder when 18022 is divided by 87?
13
What is the remainder when 12043377 is divided by 19?
18
What is the remainder when 2935969 is divided by 9?
7
What is the remainder when 330278 is divided by 11387?
55
Calculate the remainder when 41620629 is divided by 59458.
29
What is the remainder when 53082117 is divided by 121?
22
What is the remainder when 1380068082 is divided by 3309?
3306
Calculate the remainder when 1906713 is divided by 91.
81
What is the remainder when 512529 is divided by 7419?
618
Calculate the remainder when 17795 is divided by 1898.
713
What is the remainder when 3063676 is divided by 12504?
196
Calculate the remainder when 6214773 is divided by 353.
208
What is the remainder when 9655077 is divided by 1930977?
192
Calculate the remainder when 70069 is divided by 2320.
469
Calculate the remainder when 27508563 is divided by 35.
33
Calculate the remainder when 15560 is divided by 1627.
917
Calculate the remainder when 1515620 is divided by 2.
0
Calculate the remainder when 21978 is divided by 2168.
298
What is the remainder when 126586 is divided by 2184?
2098
Calculate the remainder when 22001 is divided by 589.
208
Calculate the remainder when 969808 is divided by 85.
43
What is the remainder when 26583 is divided by 3157?
1327
What is the remainder when 52919 is divided by 185?
9
Calculate the remainder when 99948 is divided by 8327.
24
Calculate the remainder when 33158 is divided by 30589.
2569
What is the remainder when 4055261 is divided by 405?
401
What is the remainder when 545732 is divided by 10493?
96
What is the remainder when 83966 is divided by 27921?
203
What is the remainder when 3731080 is divided by 621846?
4
What is the remainder when 354189 is divided by 471?
468
Calculate the remainder when 125357 is divided by 719.
251
What is the remainder when 711457458 is divided by 97?
94
Calculate the remainder when 33151 is divided by 1737.
148
What is the remainder when 1943510 is divided by 971653?
204
Calculate the remainder when 98897 is divided by 16459.
143
Calculate the remainder when 143293 is divided by 682.
73
Calculate the remainder when 626236 is divided by 156541.
72
Calculate the remainder when 8702767 is divided by 150.
67
What is the remainder when 115064493 is divided by 672?
621
Calculate the remainder when 53388 is divided by 8898.
0
Calculate the remainder when 12908 is divided by 6130.
648
What is the remainder when 20836108 is divided by 7842?
7756
What is the remainder when 40364 is divided by 19423?
1518
What is the remainder when 1073561 is divided by 1034?
269
What is the remainder when 221776610 is divided by 1899?
1895
What is the remainder when 19114574 is divided by 42?
38
What is the remainder when 4673017 is divided by 111258?
181
Calculate the remainder when 16591 is divided by 527.
254
Calculate the remainder when 2875077 is divided by 194.
191
What is the remainder when 14079854 is divided by 2011406?
12
What is the remainder when 873583 is divided by 1451?
81
What is the remainder when 253264 is divided by 126574?
116
Calculate the remainder when 149348 is divided by 630.
38
What is the remainder when 34597797 is divided by 43?
40
Calculate the remainder when 18048359 is divided by 660.
659
Calculate the remainder when 5472040 is divided by 94345.
30
Calculate the remainder when 1304446 is divided by 23.
1
Calculate the remainder when 3651460 is divided by 730277.
75
Calculate the remainder when 189271 is divided by 4980.
31
What is the remainder when 14381781 is divided by 72?
69
Calculate the remainder when 2074956 is divided by 283.
0
Calculate the remainder when 101762195 is divided by 598601.
25
Calculate the remainder when 17857821 is divided by 181.
180
Calculate the remainder when 36111 is divided by 35775.
336
What is the remainder when 26289 is divided by 3270?
129
What is the remainder when 109261 is divided by 363?
361
Calculate the